 v/15?
False
Let m = 722 + -736. Let c(y) = 4*y**2 - 33*y - 87. Is 9 a factor of c(m)?
False
Let n = -438 + 441. Suppose 0 = n*p - 1908 - 1719. Is p a multiple of 31?
True
Let p = 183 + -295. Is 7 a factor of (-3)/(72/(-2019)) - (-14)/p?
True
Let d = 27 - 25. Suppose d*t = 5 + 7. Suppose -5*w - t*a = -5*a - 596, 0 = -2*w + 3*a + 252. Does 10 divide w?
True
Let h(q) = -14*q + 1. Let v be h(-1). Suppose 0 = -10*d + v*d. Suppose -z = -d*z - 145. Does 29 divide z?
True
Let a = 33 + 384. Let s = a + 303. Does 25 divide s?
False
Let s be (-76)/(-24) - 3/18. Suppose s*a - 2*g - 2*g = -99, -a = g + 33. Is 9 a factor of (a + 3)/(3 - 11/3)?
True
Suppose -4*l - 3*l + 6286 = -1442. Is 16 a factor of l?
True
Let b = -719 - -4569. Suppose 0 = 55*u - 30*u - b. Is 11 a factor of u?
True
Let m(p) = -5*p + 51. Let x be m(7). Suppose 210 = 31*c - x*c. Is 7 a factor of c?
True
Let t(p) = 3*p**2 + 116*p - 1633. Let k be t(11). Let w(y) = -45*y**2 + 2*y + 1. Let f be w(-1). Does 5 divide f/((12/48)/(k/(-16)))?
False
Suppose -u = -5*z - 1348, 481*u - 476*u - 6866 = 4*z. Is u a multiple of 13?
True
Let j(w) be the second derivative of -5*w**3/2 + w**2 + 11*w. Let z be j(-4). Let q = -43 + z. Is 19 a factor of q?
True
Let u = -16405 - -19177. Does 11 divide u?
True
Let q be (2/(-4))/((-4)/24). Let c be 65 + 6/(-6) + 1*q. Suppose 3*d - 273 = -3*r - r, -r + c = 2*d. Is r a multiple of 13?
False
Let q = -77 + 81. Suppose 0 = -q*b - 4*g + 868, 180 + 266 = 2*b - g. Let n = b + -71. Does 16 divide n?
False
Suppose -2*t - 4*r + 538 = 0, 2*t - 803 = -t - 5*r. Let y = 221 + -119. Let j = t - y. Is j a multiple of 37?
False
Let o(l) = -l**3 + 12*l**2 - 11*l - 18. Suppose 2*j = -4*b + 14, 5*j - 47 = -2*b - 4. Does 18 divide o(j)?
True
Let k(s) = -5*s - 55. Let i = -87 - -65. Let o be k(i). Let l = 90 - o. Is l a multiple of 6?
False
Suppose -r = -3*r - 14. Let m = r + 7. Suppose i = -m*i + 12. Is 12 a factor of i?
True
Suppose 22*y + 2*y = y + 69598. Does 17 divide y?
True
Suppose 6*a - 604 = -3*o + a, -5*o - a + 970 = 0. Let u = 209 - 120. Let g = o - u. Does 26 divide g?
True
Let f = 236 - 236. Suppose -m + 4 = f, r + 3*m - 410 = m. Is 9 a factor of r?
False
Suppose -47*p - 160 = -63*p. Suppose -18*s = -20*s - 3*j + 130, 5*j - p = 0. Is s even?
True
Let d(b) = 13*b + 25. Let p be d(9). Let f = 517 - p. Suppose 2*h = 3*k + 175, 3*k + f = 5*h + 8*k. Does 8 divide h?
True
Let l = -47 + 38. Let q = -6 - l. Let m(d) = d**3 + d**2 - 6*d + 5. Is 13 a factor of m(q)?
False
Is 6*430*(35/10 - -3) a multiple of 43?
True
Does 30 divide 11*(-4)/594 + 53464/54?
True
Let i(z) be the second derivative of 25*z**4/12 + 8*z**3/3 + 23*z**2/2 - 58*z. Is i(-4) a multiple of 5?
False
Let f(u) = -5*u - 31. Suppose 0 = 3*d + 4*d + 49. Let k be f(d). Suppose 2*x + 5*g = 386, 2*x = 2*g - k*g + 392. Is 33 a factor of x?
True
Suppose -2*z + s + 2692 = 0, -1340 = -0*z - z - s. Does 14 divide z?
True
Let y(x) = 2*x**3 - 7*x**2 + 2*x + 4. Suppose 6*u + 3 = 7*u. Let q be y(u). Is (q - (-1)/(-7))*154 a multiple of 12?
True
Suppose -20*j + 8*j = -540. Let i = j - 43. Suppose -p - 4 = 0, p = 4*o - i*p - 660. Is o a multiple of 27?
True
Let s = 341 + -271. Is (-6 - -1)*(-84)/s even?
True
Let u(b) = -1213*b**2 + 3*b - 6. Let t(j) = -1214*j**2 - 6. Let n(k) = -3*t(k) + 2*u(k). Is n(-1) a multiple of 19?
True
Suppose -5*g = -7*v + 3*v - 309, -2*v - 5*g = 147. Let c = v + 72. Let f(w) = -40*w + 16. Does 44 divide f(c)?
True
Let b be 54/(-6) + (-29412)/12. Let d = -1219 - b. Does 18 divide d?
False
Let i = -196 + 96. Does 6 divide (-1)/(-5) + (-3595)/i*4?
True
Let w(k) = 35*k - 18. Let q(i) = -69*i + 37. Let y(z) = -6*q(z) - 13*w(z). Let o be (-18)/48 + 159/(-24) + 3. Does 16 divide y(o)?
True
Suppose -102*z - 133*z + 90780 = -363945. Is 34 a factor of z?
False
Suppose -5*j - 5*y + 25158 + 792 = 0, -3*j - 2*y = -15567. Suppose -10*k + j = 9*k. Does 21 divide k?
True
Suppose 2*v - 4198 = -2*k, -81*k + 8400 = 4*v - 76*k. Is v a multiple of 20?
False
Let z(w) = -5*w**3 - w**2 + w + 2. Let c be z(-2). Let g be c/27 - (-266)/3. Suppose 4*f = -2*f + g. Does 3 divide f?
True
Let c(o) = -o**3 + 11*o**2 - 11*o + 24. Let p be c(10). Let f be 72/(-20)*(p/(-6) - 1). Let i(h) = 5*h + 6. Is 11 a factor of i(f)?
True
Let y = 243 - 246. Does 40 divide (-10)/(-9)*y*3*-40?
True
Suppose -26*v = -33*v + 637. Let z = v - -51. Is 8 a factor of z?
False
Suppose -3*o + 6*o + 48 = 0. Let u be o/56 - (-30)/7. Suppose 1 + u = -5*b, -l + 3*b + 33 = 0. Is l a multiple of 6?
True
Suppose -v = -3*v + 266. Let n = v - -296. Is 13 a factor of n?
True
Suppose -2*g = -0*o + 5*o - 130, -2*g + 46 = 2*o. Suppose 23*j = o*j + 80. Is 1*42/(-4)*j a multiple of 21?
True
Suppose 10*a - 60 = 4*z + 6*a, 4*a = 2*z + 30. Let p(t) = 2*t**3 - 7*t**2 + 2*t - 7. Let f be p(6). Let m = z + f. Does 15 divide m?
False
Suppose 2*q + 4*j - 9980 = 0, j = -2*q + 7642 + 2344. Does 11 divide q?
True
Let i(y) = -y**2 + 65*y - 2. Is i(44) a multiple of 17?
False
Let f be -2*(-1 + -2 - -2). Let d = 630 + -387. Suppose d = f*u - 5*p - 14, -p = -3*u + 405. Is 13 a factor of u?
False
Suppose -49 = -5*o - 3*r, o - 2*r - 59 = -4*o. Suppose 4*x + n + o = -0*n, 3*x + 14 = 5*n. Is 64 + -3*x/(-3) a multiple of 21?
False
Let z(d) = 11*d + 129. Let b be z(-11). Suppose 2*u = b*u - 36. Does 3 divide u?
True
Suppose 3656 = 3*f - 3*x - 1054, 0 = -3*x + 6. Does 2 divide f?
True
Suppose 48 = 157*d - 151*d. Is 10 a factor of d/((-208)/39)*(-280)/6?
True
Suppose -6*y - 64078 = -5*x, 11477 = -5*x + 2*y + 75583. Is x a multiple of 8?
True
Let v = 187 + -459. Let u = v - -336. Does 2 divide u?
True
Suppose -20823 = 126*h - 123765. Is h a multiple of 28?
False
Is (-46652)/(-28) + (-108)/(-126) a multiple of 9?
False
Let k = 666 - 665. Does 28 divide (1 - -1)/((-279)/280 + k)?
True
Suppose 0 = -t - 3*i + 233, -5*i + 8*i = -3*t + 699. Let m = -370 + t. Does 18 divide 1/(3/(-6))*m/2?
False
Let s(f) = f**3 + 12*f**2 - 14*f + 424. Is s(14) a multiple of 24?
False
Suppose 0 = -47*r + 43*r + 3*p + 38027, -28 = -4*p. Does 22 divide r?
False
Is 16 a factor of (-602)/(-77) + (-8 - 0) - 514760/(-22)?
False
Suppose -5*i - 2*o = -104, -50 = -3*i - 2*o + 7*o. Let a be (-2)/(-8) + 235/i. Is 23 a factor of (11/(-3))/(a/(-396))?
False
Let j(r) be the first derivative of 19*r**4/2 + r**2 + r - 13. Let z be j(2). Suppose -2*y + z - 31 = 0. Does 11 divide y?
False
Let i(r) = 362*r**3 - 2*r**2 + 3*r - 2. Let b be i(1). Suppose b = 6*m - 29. Suppose 5*f + 0*f = -d + m, 17 = f + d. Is f a multiple of 12?
True
Let f(v) = -542*v + 9514. Does 20 divide f(-5)?
False
Suppose 257*u - 32 = 255*u. Suppose 22*d - u*d = 2196. Is d a multiple of 21?
False
Let t = -228 - -173. Let z(c) = 10*c - 10. Let w be z(12). Let q = t + w. Is 13 a factor of q?
False
Suppose 127*s = 124*s. Suppose 2*v - 3*j - 11 - 130 = s, 0 = 5*j - 15. Is v a multiple of 25?
True
Let m be (24/(-4))/6*-6. Suppose m*v + 3*v - 1899 = 0. Is 19 a factor of v?
False
Does 3 divide (-3)/(2/(-1) + (-25914)/(-12978))?
True
Suppose 3*m - r - 113 = r, 138 = 4*m - 9*r. Is m even?
False
Suppose -570 = -j - 4*s, -j - 5*s + 836 = 263. Let f = -248 + j. Does 39 divide f?
False
Let u = 495 - 490. Suppose u*r - 3*r = -3*b + 192, -233 = -4*b + 5*r. Does 3 divide b?
False
Suppose -5 = 40*a - 35*a, -p - 2*a = -960. Let h = 1458 - p. Is h a multiple of 16?
True
Let c(l) = -l**3 + 9*l**2 + 13*l - 25. Let t be (-19)/(-2) + (5 + 2)/14. Let d be c(t). Suppose 0 = 5*p - u - 398 - 112, -d*u - 25 = 0. Does 7 divide p?
False
Let z(x) = -5*x**2 + 4*x + 33. Let u be z(-4). Is (-74898)/u - (-18)/(-21) a multiple of 54?
True
Suppose -u + 5 = -i, 2*i - 10 = -3*i - 2*u. Suppose 3*l + i*l - 58 = -m, -4*m + 147 = -5*l. Is 18 a factor of m?
False
Suppose -5*v = -5*o + 9570, 4*o - 5212 = 13*v + 2435. Is o even?
False
Let b(j) = 2274*j - 71. Is b(1) a multiple of 5?
False
Let n = 323 + -224. Is 14 a factor of 205/9 + 22/n?
False
Let u = 28904 - 26443. Is u a multiple of 3?
False
Suppose 19*z - 16*z = 5*q - 41985, 0 = -5*q - 4*z + 42020. Is q a multiple of 112?
True
Let f be 13/(-4) + 27/108 - -14. Suppose 732 = 13*z - f*z. Is 9 a factor of z?
False
Suppose 0 = 4*g + 3*s - 17945, 5*g + 15*s - 17*s = 22460. Is 86 a factor of g?
False
Suppose 0 = -4*n - t - 2*t + 4, -n - 5*t = -18. Is 5 a factor of (-3